11*k**2. Let a(b) be the second derivative of o(b). Determine a(7).
0
Suppose -3*q + 4 = -2*z, 3 = -8*z + 11*z. Let y(j) be the third derivative of 0 + 1/2*j**3 + 0*j + 1/60*j**5 - 1/8*j**4 - 2*j**2. What is y(q)?
1
Let s(j) = 2*j - 5. Suppose -2*i = 11*n - 7*n, i = -4*n - 4. What is s(i)?
3
Suppose -4*c - 2*x + 16 = -6*x, -c = x - 8. Let l be (0*c/(-12))/(0 - -2). Let m(o) = -o**2 - o - 6. Determine m(l).
-6
Let t(v) = -v**3 - 6*v**2 - 7*v - 2. Let y be -3 + (-2 - (-1 + -1)). Let o be y + 3 - (-1 - -3). Let q be 2/(24/15 + o). Calculate t(q).
8
Suppose 5*k + 3*c + 15 = 0, k - 2*c + 3 = 2*c. Let r(p) be the second derivative of -p**5/20 - p**4/3 + p**3/2 + p**2 + 3*p + 45. Calculate r(k).
-16
Suppose -3*x + 6 = -k, -x = 4*k + 5 - 20. Let u be (-5)/k - 12/(-18). Let d(l) = 34*l**2 + l. Calculate d(u).
33
Let o(a) be the second derivative of -4*a**2 + 1/12*a**4 + 42*a + 0 - 2/3*a**3. What is o(6)?
4
Let s(h) = h**2 + 16*h + 31. Let o be s(-14). Let a(b) = -3*b**o + b**2 + 0*b**3 + 3*b**3 + 2*b**3 + b + 1. Give a(-1).
-1
Let q(l) = l**2 - 6*l - 3. Let k be q(5). Let g(y) be the third derivative of y**6/120 + 3*y**5/20 + 3*y**4/8 + y**3/2 + 2*y**2 + 14. Determine g(k).
-5
Let k(f) = -f**2 - 2. Let n be (-15 + 11)/((-2)/8). Let s = 20 - n. Let c be 3/s - (-5)/4. Give k(c).
-6
Suppose 5*q = -5*f, -22*f + 24*f + 4 = 0. Let s(p) be the first derivative of -p**q - 5 + 5*p - 1/4*p**4 + 4/3*p**3. Calculate s(4).
-3
Let j(s) = -s**3 + 9*s**2 + 6*s + 1. Let u(i) = -i**2. Let m(l) = j(l) + 5*u(l). Let f(p) = p**3 - 32*p**2 + 60*p + 5. Let r be f(30). Calculate m(r).
6
Suppose 3*z - 2*z = -7. Let x = 9 + z. Let g(d) = -d**2 - 2*d + 2. What is g(x)?
-6
Let a(b) = -3*b. Let g = -7 + 10. Let i(q) be the second derivative of q**3/2 - q**2/2 - 21*q. Let c(v) = g*a(v) + 2*i(v). Give c(-3).
7
Let d = 41 - 27. Let c = d + 6. Suppose 5*i + 0*i + c = 0. Let n(w) = w**2 + 5*w + 3. Give n(i).
-1
Let h(i) = i**3 - 4*i**2 + 4*i - 2. Let j be (-16)/24 - (-2)/3. Let p(x) = -x**3 - 2*x**2 - x + 4. Let d be p(j). Calculate h(d).
14
Let w be (-3 + -125)/(-16) + (0 - 15). Let g(n) = -n**3 + n**2. Let j(i) = -4*i**3 + 11*i**2 - 6*i + 2. Let z(u) = -5*g(u) + j(u). Give z(w).
-5
Suppose 0*x - 5*x - 15 = 0. Let c be (-1)/(4/(-4))*x. Let y be 1*(c - 0) + 9. Let i(f) = f - 4. What is i(y)?
2
Let u = 376 + -377. Let r(n) = -6*n**2. Give r(u).
-6
Suppose -5 = -i + 1. Let u(b) = -11*b + 2*b + 3*b - 4. Let h(o) = o + 1. Let x(k) = 22*h(k) + 4*u(k). Calculate x(i).
-6
Suppose -4*h = -3*d + 32, -5*h = -5*d + 24 + 21. Let y(b) = -b**2 - b. What is y(d)?
-20
Let k(r) = -3*r**2 - 6*r. Let d(n) = -n**2 - n + 1. Let x(h) = 4*d(h) - k(h). Let z(g) = 3*g - 10. Let f be z(5). Calculate x(f).
-11
Let d(u) = -95*u**2 - 97*u**2 + 186*u**2. Let s = -241 - -242. Give d(s).
-6
Let s(y) be the second derivative of -y**4/12 + y**3/2 - 3*y**2/2 - y. Suppose 0 = -5*x - 2*n + 9, 4*x - 1 = n + 1. Let w = 2 + x. Give s(w).
-3
Let b(m) be the third derivative of -m**8/20160 - m**6/180 + 19*m**5/30 - 13*m**2. Let z(o) be the third derivative of b(o). Determine z(0).
-4
Let v be 4/(-6) - (-3 + (-42)/(-18)). Let i(o) be the third derivative of 0 + 0*o + o**3 + v*o**4 + 1/60*o**5 - 1/120*o**6 - o**2. Calculate i(0).
6
Let y(r) = -7*r**2 - 4*r - 2*r**3 + r**2 + 3*r**3 - 2 - 3*r**2. Calculate y(9).
-38
Let o be (1/5 + (-16)/(-120))*-39. Let h(z) = -z**2 - 13*z + 6. Give h(o).
6
Suppose -5*i = -3*t - 37, 0 = 4*i - t - 2*t - 29. Suppose -i = -4*j - 4*s, -s + 2 = -3*j - 0. Let l(q) = 4 + 5*q + j*q + 5*q**2 - 6*q**2. Give l(5).
4
Let w(r) = -14 + 17 - 12 - 2*r + 2. Let q be (-16)/2 + 3 + -2. Give w(q).
7
Suppose -3*k + r + 9 = -k, -5*k = -5*r - 10. Let y(f) = -f - 1. Give y(k).
-8
Let v(c) = -c**3 - 6*c**2 - 6*c - 6. Let s be (-14)/35*(-180)/(-12). Determine v(s).
30
Let a(t) = -1 + 14 + 3*t - 2*t - 2*t. Suppose -2*f = -3*g - 21, 3*g = -4*f + f + 9. Give a(f).
7
Let g(k) = k**3 + 12*k**2 - 15*k - 5. Let d be g(-13). Suppose 5*a + 6 = d. Let o(f) = f**3 - 2*f**2 - 4*f + 3. What is o(a)?
0
Let l be (5/18)/(260/78). Let k(j) be the second derivative of 2*j + l*j**4 - j**3 + 0 + 1/2*j**2. What is k(6)?
1
Let n = 3 - 0. Suppose -3*m = m - x + 16, n*x - 9 = -m. Let i(c) = -3 - 5*c + c**2 + 0*c**3 - 5*c**2 - c**3 - 1. What is i(m)?
2
Suppose 0 = -106*c + 159*c + 265. Let z(y) = -8*y - 32. What is z(c)?
8
Suppose 558*f + 360 = 513*f. Let j(k) = -k + 12. Let c(w) = -3*w + 25. Let a(t) = 2*c(t) - 5*j(t). Give a(f).
-2
Let y(w) = -42*w - 4. Let t(l) = -90*l - 9. Let x(z) = -3*t(z) + 7*y(z). Determine x(1).
-25
Let s(q) = 11*q - 5. Let x(p) = -5*p + 3. Let r(n) = -4*s(n) - 9*x(n). Calculate r(5).
-2
Let t(v) = 3*v**2 + 61*v + 116. Let x be t(-2). Let z(j) = j**3 - 5*j**2 - 9. Calculate z(x).
27
Suppose -2*i + 4 - 5 = -p, -4*p = i - 4. Suppose z - 5*z + 8 = 0. Let u(d) = -12*d**3 + 0*d**z - 2*d**2 + 3*d**2. Calculate u(p).
-11
Let t(p) = p**2 - 6*p + 3. Let q be t(4). Let b be (-81)/18*8/(-6). Let u(h) = h**2 + 12 - 5 + b*h - 3. Calculate u(q).
-1
Let x = -281 + 276. Let y(a) = a**3 + 5*a**2 + 2*a + 4. Determine y(x).
-6
Let u = 82 - 50. Let q = u + -35. Let c(b) = b + 1. Determine c(q).
-2
Let b(t) = t**2 - 5*t - 5. Suppose 24 = l + l. Suppose 17*s = 15*s + l. Suppose -4*x + s*x = 10. Give b(x).
-5
Let c(z) = -3*z - 7. Let y(s) = 15*s + 36. Suppose 4*h - h = 0. Let r(x) = x - 21. Let d be r(h). Let g(u) = d*c(u) - 4*y(u). Determine g(-2).
-3
Let i(z) = -4*z**2 - 13*z - 2. Let n(u) = 11*u**2 + 39*u + 7. Let v(m) = 8*i(m) + 3*n(m). Let p be v(-12). Let h(t) = t. What is h(p)?
-7
Let p(v) = 2*v - 9. Let x(o) = -3*o - 3. Let l be x(-2). Let m be (0/l - -7)*4/4. Give p(m).
5
Let h(b) = -15*b - 1. Let y be (2/12*-10)/((-50)/90). Calculate h(y).
-46
Let r(h) = h**3 - 1. Let s(y) = 6*y**3 - 4*y**2 + 3*y - 2. Let c(p) = -5*r(p) + s(p). Suppose -5 = -3*w - 4*m, m + 10 = 4*w - w. Determine c(w).
3
Suppose 161 - 216 = 11*h. Let l(d) = -3*d**3 - 2*d**2 + 4*d - 7. Let q(u) = 16*u**3 + 9*u**2 - 20*u + 35. Let a(j) = 11*l(j) + 2*q(j). Calculate a(h).
-2
Let d = 203 + -201. Let y(a) be the first derivative of -3/2*a**2 + d*a + 4. Calculate y(2).
-4
Let a(k) = -2*k - 4. Let j = -107 + 152. Let x = j + -41. Give a(x).
-12
Let v(b) = -13*b + 10*b - 1 - 34. Determine v(-10).
-5
Let n(y) = y**2 - 8*y - 53. Let a be n(-4). Let b(l) = 0*l**2 + l**2 + 4*l + 2*l. Give b(a).
-5
Let o(v) = -13 - 21*v**2 - 23*v**2 + 31*v**2 + v**3 + 13*v. Determine o(12).
-1
Suppose -a = -4*a. Let x(n) = 3 + a - 4*n - 4 + 5*n. Determine x(0).
-1
Let l(b) = -20*b**3 + b - 1. Let u = 252 - 251. What is l(u)?
-20
Let y be (-8)/(-16) - 15/(-2). Let m(d) = -49*d - d**2 + 9 - y + 42*d. Give m(-6).
7
Let u(i) be the first derivative of i**3/3 - 7*i**2/2 - 6*i + 364. Give u(10).
24
Let w(d) = -d**3 - 16*d**2 - 16*d - 10. Let q = 1896 - 1911. Calculate w(q).
5
Suppose -6*n = -5*n + 2*d - 9, 4*d = 3*n - 17. Let m(x) = x**2 - 7*x - 3. Determine m(n).
-3
Let h(u) = u**3 - 4*u**2 + 1. Suppose 7*n + 18 = 46. Calculate h(n).
1
Let j(z) = 14*z**2 - 5*z + 29. Let x(l) = 5*l**2 - 2*l + 11. Let n(y) = 4*j(y) - 11*x(y). Calculate n(0).
-5
Let n = 4 + -1. Let l(y) be the third derivative of y**6/180 - y**4/6 + y**3/3 - 8*y**2. Let f(a) be the first derivative of l(a). Calculate f(n).
14
Suppose 5*u - 24 = 3*u. Let x be (-2)/(-3) - (-64)/u. Let l(r) = 2 + 4 - 4 - x - r. Determine l(-6).
2
Let l(y) = y + 1. Let u(j) = 18*j - 7*j - 3*j + 6. Let k(g) = -30*l(g) + 5*u(g). Give k(2).
20
Let f(l) = -l**2 + 7*l - 2. Let u(a) = -a**2 + 13*a + 20. Let s be u(14). Let b(m) = -8 - 2*m + 2*m + 2*m. Let x be b(s). Give f(x).
10
Let p(x) = -5*x**2 - 36*x - 35. Let l be p(-1). Let k(a) = a**2 - 8. Give k(l).
8
Let x(m) be the first derivative of m**4/4 - 2*m**2 - m - 1. Determine x(3).
14
Let r(s) be the first derivative of s**3/3 + s**2/2 - 2*s - 145. What is r(1)?
0
Let q(n) = 3*n - 6*n + 4*n. Suppose 5*z = -5, -13*d + 15*d - 16 = 2*z. Give q(d).
7
Let p(l) = -l**3 + 3*l**2 - l - 1. Let z be 1 + (-7)/5 + 286/65. Calculate p(z).
-21
Let u(j) = 15*j - 17. Let v be u(1). Let r(f) = -4*f**2 + 6*f + 6. Let c(i) = -4*i**2 + 7*i + 7. Let h(x) = 5*c(x) - 6*r(x). Give h(v).
17
Let c be 8/((-32)/(-20)) - 6. Let r(i) = 0*i - 7*i + 0*i + 1 + 3*i. Calculate r(c).
5
Let g(i) = i**3 + 7*i**2 - 2. Let a(h) = h**3 + 7*h**2 